{"id":428,"date":"2019-10-31T22:34:52","date_gmt":"2019-10-31T21:34:52","guid":{"rendered":"http:\/\/biosemiotics2020.upol.cz\/?page_id=428"},"modified":"2022-05-06T03:36:40","modified_gmt":"2022-05-06T01:36:40","slug":"olomouc","status":"publish","type":"page","link":"https:\/\/biosemiotics.upol.cz\/index.php\/olomouc\/","title":{"rendered":"Olomouc"},"content":{"rendered":"[vc_row css_animation=&#8221;fadeIn&#8221; parallax=&#8221;content-moving&#8221; parallax_image=&#8221;557&#8243; parallax_speed_bg=&#8221;2.2&#8243; min_height=&#8221;300px&#8221;][vc_column][\/vc_column][\/vc_row][vc_row css_animation=&#8221;fadeIn&#8221; css=&#8221;.vc_custom_1571919533993{border-right-width: 1px !important;border-bottom-width: 0px !important;border-left-width: 1px !important;padding-top: 12px !important;padding-right: 2% !important;padding-bottom: -10px !important;padding-left: 2% !important;background-color: #ffffff !important;border-left-color: #e0e0e0 !important;border-left-style: solid !important;border-right-color: #e0e0e0 !important;border-right-style: solid !important;border-bottom-color: #e0e0e0 !important;border-bottom-style: solid !important;}&#8221; local_scroll_id=&#8221;proc&#8221; el_id=&#8221;proc&#8221;][vc_column]<div class=\"vcex-module vcex-heading vcex-heading-bottom-border-w-color vc_custom_1573748243732\" style=\"color:#545454;font-size:2.2em;font-weight:600;\"><span class=\"vcex-heading-inner clr\">Getting to Olomouc<\/span><\/div>[vc_column_text]The easiest way to reach Olomouc is by train or by bus. We are located close to two major airports,\u00a0<strong>Prague\u00a0<\/strong>and\u00a0<strong>Vienna<\/strong>, making access to the city easy from both cities. If you wish to come here through Prague, the simplest way to come to Olomouc is by taking a train from the Prague Main Station (Praha Hlavn\u00ed N\u00e1dra\u017e\u00ed). From there, you can find direct trains to Olomouc from\u00a0<a href=\"https:\/\/www.cd.cz\/en\/default.htm\">Czech National Railways<\/a>,\u00a0<a href=\"https:\/\/www.regiojet.com\/\">RegioJet<\/a>\u00a0and\u00a0<a href=\"https:\/\/www.leoexpress.com\/en\">LeoExpress<\/a>. The journey to Olomouc should take around 2 hours and 30 minutes.<\/p>\n<p>If you choose to come from Vienna, you can take a bus directly from the airport (Wien, Flughafen Schwechat) with\u00a0<a href=\"https:\/\/www.regiojet.com\/\">RegioJet<\/a>\u00a0and\u00a0<a href=\"https:\/\/www.leoexpress.com\/en\">LeoExpress<\/a>, but you can also take a bus from the city with\u00a0<a href=\"https:\/\/global.flixbus.com\/\">FlixBus<\/a>. You can take a train from Vienna to Olomouc with\u00a0<a href=\"https:\/\/www.cd.cz\/en\/default.htm\">Czech National Railways<\/a>\u00a0and\u00a0<a href=\"https:\/\/www.oebb.at\/en\/\">\u00d6BB<\/a>, but these are routes with a transfer.<\/p>\n<p>Other cities you can reach Olomouc from are Bratislava, SK (around 3 hours, requires transfer), Krakow, PL (direct train and bus connections, around 6 hours) and Warsaw, PL (around 6 hours). Other cities, such as Berlin and Dresden, are directly connected to Prague by train, making travel to Olomouc easier as well.<\/p>\n<p>From inside the Czech Republic, Olomouc is also directly connected to other major cities, such as\u00a0<strong>Brno<\/strong>\u00a0and\u00a0<strong>Ostrava<\/strong>, which can be reached by train and bus.<\/p>\n<p>You can also find information on how to get here from\u00a0<a href=\"https:\/\/tourism.olomouc.eu\/basic-information\/how-to-get-to-us\/en\">Olomouc\u2019s Tourism Office<\/a>.[\/vc_column_text][\/vc_column][\/vc_row][vc_row css_animation=&#8221;fadeIn&#8221; content_placement=&#8221;middle&#8221; parallax=&#8221;content-moving&#8221; parallax_image=&#8221;556&#8243; parallax_speed_bg=&#8221;1.8&#8243; min_height=&#8221;300px&#8221;][vc_column][\/vc_column][\/vc_row][vc_row css_animation=&#8221;fadeIn&#8221; css=&#8221;.vc_custom_1573749202254{border-top-width: 1px !important;border-right-width: 1px !important;border-bottom-width: 0px !important;border-left-width: 1px !important;padding-top: 12px !important;padding-right: 2% !important;padding-bottom: -10px !important;padding-left: 2% !important;background-color: #f4f4f4 !important;border-left-color: #e0e0e0 !important;border-left-style: solid !important;border-right-color: #e0e0e0 !important;border-right-style: solid !important;border-top-color: #e0e0e0 !important;border-top-style: solid !important;border-bottom-color: #e0e0e0 !important;border-bottom-style: solid !important;}&#8221; local_scroll_id=&#8221;proc&#8221;][vc_column]<div class=\"vcex-module vcex-heading vcex-heading-bottom-border-w-color vc_custom_1573748895494\" style=\"color:#545454;font-size:2em;font-weight:600;\"><span class=\"vcex-heading-inner clr\">The city and its environs<\/span><\/div>[vc_column_text]Olomouc, located right in the heart of Moravia, is a city of about 100,000 inhabitants. Counting numerous squares, parks and churches, the city is a special place of its own, offering the full experience of Czech architecture, nature, food and culture.<\/p>\n<p>The city is famed for its Holy Trinity Column, a UNESCO World Heritage site from the 18th century in the center of the old town. Its astronomical clock is a unique attraction, built in the 15th century, but reconstructed in 1955 after the war, as a syncretic reflection of its era. Moreover, the city is surrounded by beautiful parks, and Saint Wenceslas Cathedral\u2019s fa\u00e7ade defines Olomouc\u2019s skyline.<\/p>\n<p>Of course, you can\u2019t talk about the Czech Republic without mentioning its cuisine. Besides the famous beer produced here, Moravia is also the wine region of the country, with a great selection of drinks to accompany the great local cheeses and typical food.<\/p>\n<p>Near the city is the Bouzov Castle, a beautiful 14th century fortress that towers over Moravia and is a perfect place to visit and see the wonderful Czech countryside.[\/vc_column_text][vc_separator css=&#8221;.vc_custom_1571918997820{margin-top: 15px !important;margin-bottom: 10px !important;}&#8221;][\/vc_column][\/vc_row][vc_row css_animation=&#8221;fadeIn&#8221; content_placement=&#8221;middle&#8221; parallax=&#8221;content-moving&#8221; parallax_image=&#8221;604&#8243; parallax_speed_bg=&#8221;1.8&#8243; min_height=&#8221;300px&#8221;][vc_column][\/vc_column][\/vc_row][vc_row css_animation=&#8221;fadeIn&#8221; css=&#8221;.vc_custom_1573749202254{border-top-width: 1px !important;border-right-width: 1px !important;border-bottom-width: 0px !important;border-left-width: 1px !important;padding-top: 12px !important;padding-right: 2% !important;padding-bottom: -10px !important;padding-left: 2% !important;background-color: #f4f4f4 !important;border-left-color: #e0e0e0 !important;border-left-style: solid !important;border-right-color: #e0e0e0 !important;border-right-style: solid !important;border-top-color: #e0e0e0 !important;border-top-style: solid !important;border-bottom-color: #e0e0e0 !important;border-bottom-style: solid !important;}&#8221; local_scroll_id=&#8221;proc&#8221;]<!--[vc_column][vcex_heading text=\"Accommodation\" style=\"bottom-border-w-color\" color=\"#545454\" font_size=\"2em\" font_weight=\"600\" css=\".vc_custom_1583753832921{margin-right: 1% !important;}\"][vc_column_text]\n\n\n\n\n<pre>Make sure you manage your booking directly with the hotels\/hostels, not through agencies or intermediaries (eg. Booking dot com).<\/pre>\n\n\n\n\n<p>A number of rooms (single and double rooms) have been booked at <a href=\"https:\/\/www.arigone.cz\/en\"><strong>Hotel Arigone<\/strong><\/a>. The price for a single room is 1.862 CZK (around \u20ac75) per night after the 15% discount for conference guests. When you make your reservation, please <strong>do not forget<\/strong> to mention that you are a participant in the Gatherings in Biosemiotics conference at Palack\u00fd University. Hotel Arigone is a highly renown hotel in Olomouc, located conveniently close to the conference venue and to the city center. We will ask all participants to confirm their in-person attendance and interest in booking a room in Arigone by email.<\/p>\n\n\n\n\n<p>We also recommend a low price alternative at the <a href=\"https:\/\/www.longstoryshort.cz\/about-us\">Long Short Story hostel<\/a>. Their prices depend on the kind of room you book.<\/p>\n\n\n\n\n<p>Alternatively, try <a href=\"http:\/\/www.ubytovnamarie.cz\">Ubytovna Marie<\/a>. If you need help with the process of booking a room, please contact <a href=\"mailto:lenkapivonkova@gmail.com\">Lenka Pivo\u0148kov\u00e1<\/a>.[\/vc_column_text][vc_separator css=\".vc_custom_1571918997820{margin-top: 15px !important;margin-bottom: 10px !important;}\"][\/vc_column][\/vc_row][vc_row css_animation=\"fadeIn\" content_placement=\"middle\" parallax=\"content-moving\" parallax_image=\"551\" parallax_speed_bg=\"1.8\" min_height=\"300px\"][vc_column][\/vc_column][\/vc_row][vc_row css_animation=\"fadeIn\" css=\".vc_custom_1573749202254{border-top-width: 1px !important;border-right-width: 1px !important;border-bottom-width: 0px !important;border-left-width: 1px !important;padding-top: 12px !important;padding-right: 2% !important;padding-bottom: -10px !important;padding-left: 2% !important;background-color: #f4f4f4 !important;border-left-color: #e0e0e0 !important;border-left-style: solid !important;border-right-color: #e0e0e0 !important;border-right-style: solid !important;border-top-color: #e0e0e0 !important;border-top-style: solid !important;border-bottom-color: #e0e0e0 !important;border-bottom-style: solid !important;}\" local_scroll_id=\"proc\"][vc_column][vcex_heading text=\"The venue\" style=\"bottom-border-w-color\" color=\"#545454\" font_size=\"2em\" font_weight=\"600\" css=\".vc_custom_1583753942719{margin-right: 1% !important;}\"][vc_column_text]The conference will take place in two venues: <a href=\"https:\/\/uc.upol.cz\/en\/venues\/corpus-christi-chapel\/\">Corpus Christi Chapel<\/a> at Arts Center of Palack\u00fd University for the first day and welcome buffet in the Arts Center terrace, and <a href=\"https:\/\/www.ff.upol.cz\/o-fakulte\/virtualni-prohlidka\/#c27497\">Aula K10<\/a>.<\/p>\n\n\n\n\n<p>Conference guests will also have access to the <a href=\"https:\/\/www.ff.upol.cz\/o-fakulte\/virtualni-prohlidka\/#c27497\">Park\u00e1nove zahrady gardens<\/a> for the duration of the conference, provided with non-stop refreshments for your comfort.<\/p>\n\n\n\n\n<p><center><iframe loading=\"lazy\" style=\"border: 0;\" src=\"https:\/\/www.google.com\/maps\/embed?pb=!4v1650286900865!6m8!1m7!1sCAoSLEFGMVFpcE1sbFA2cGZnQm9jOGZ6dVozQjZUanl3X1ZIMkZlOXRTMGpqQ2dG!2m2!1d49.59452084036472!2d17.2611050391364!3f281.65!4f0.14000000000000057!5f0.4000000000000002\" width=\"600\" height=\"450\" allowfullscreen=\"allowfullscreen\"><\/iframe><\/center>[\/vc_column_text][vc_separator css=\".vc_custom_1571918997820{margin-top: 15px !important;margin-bottom: 10px !important;}\"][\/vc_column][\/vc_row]\n\n--><\/p>\n","protected":false},"excerpt":{"rendered":"<p>[vc_row css_animation=&#8221;fadeIn&#8221; parallax=&#8221;content-moving&#8221; parallax_image=&#8221;557&#8243; parallax_speed_bg=&#8221;2.2&#8243; min_height=&#8221;300px&#8221;][vc_column][\/vc_column][\/vc_row][vc_row css_animation=&#8221;fadeIn&#8221; css=&#8221;.vc_custom_1571919533993{border-right-width: 1px !important;border-bottom-width: 0px !important;border-left-width: 1px !important;padding-top: 12px !important;padding-right: 2% !important;padding-bottom: -10px !important;padding-left: 2% !important;background-color: #ffffff !important;border-left-color: #e0e0e0 !important;border-left-style: solid !important;border-right-color: #e0e0e0 !important;border-right-style: solid !important;border-bottom-color: #e0e0e0 !important;border-bottom-style: solid !important;}&#8221; local_scroll_id=&#8221;proc&#8221; el_id=&#8221;proc&#8221;][vc_column][vc_column_text]The easiest way&hellip;<\/p>\n","protected":false},"author":2,"featured_media":0,"parent":0,"menu_order":0,"comment_status":"closed","ping_status":"closed","template":"","meta":{"footnotes":""},"class_list":["post-428","page","type-page","status-publish","hentry","entry","no-media"],"_links":{"self":[{"href":"https:\/\/biosemiotics.upol.cz\/index.php\/wp-json\/wp\/v2\/pages\/428","targetHints":{"allow":["GET"]}}],"collection":[{"href":"https:\/\/biosemiotics.upol.cz\/index.php\/wp-json\/wp\/v2\/pages"}],"about":[{"href":"https:\/\/biosemiotics.upol.cz\/index.php\/wp-json\/wp\/v2\/types\/page"}],"author":[{"embeddable":true,"href":"https:\/\/biosemiotics.upol.cz\/index.php\/wp-json\/wp\/v2\/users\/2"}],"replies":[{"embeddable":true,"href":"https:\/\/biosemiotics.upol.cz\/index.php\/wp-json\/wp\/v2\/comments?post=428"}],"version-history":[{"count":14,"href":"https:\/\/biosemiotics.upol.cz\/index.php\/wp-json\/wp\/v2\/pages\/428\/revisions"}],"predecessor-version":[{"id":823,"href":"https:\/\/biosemiotics.upol.cz\/index.php\/wp-json\/wp\/v2\/pages\/428\/revisions\/823"}],"wp:attachment":[{"href":"https:\/\/biosemiotics.upol.cz\/index.php\/wp-json\/wp\/v2\/media?parent=428"}],"curies":[{"name":"wp","href":"https:\/\/api.w.org\/{rel}","templated":true}]}}